{"id":6168,"date":"2019-03-27T13:25:19","date_gmt":"2019-03-27T11:25:19","guid":{"rendered":"https:\/\/akiarabooks.com\/llibre\/la-platja-dels-inutils\/"},"modified":"2020-12-02T00:43:54","modified_gmt":"2020-12-01T22:43:54","slug":"la-platja-dels-inutils","status":"publish","type":"product","link":"https:\/\/akiarabooks.com\/pt\/livro\/la-platja-dels-inutils\/","title":{"rendered":"A praia dos in\u00fateis"},"content":{"rendered":"<p>\u00abChamo-me Sofia. Tenho onze anos e meio, e quando for grande quero ser in\u00fatil\u00bb. Assim come\u00e7a um relato inocente, profundo e comovente de uma menina que adora a praia no inverno, que prefere Mozart ou Kandinsky \u00e0 matem\u00e1tica, e que n\u00e3o pode suportar que o pai lhe diga que um dia ter\u00e1 de \u00abganhar a vida\u00bb.<\/p>\n<p><strong><a href=\"https:\/\/www.ijb.de\/fileadmin\/Daten\/Pdfs\/2020\/The_White_Ravens_2020.pdf\"><img loading=\"lazy\" decoding=\"async\" class=\"wp-image-8834 alignleft\" src=\"https:\/\/akiarabooks.com\/wp-content\/uploads\/2019\/03\/White-Ravens-2020_Logo_DE-1-150x150.jpg\" alt=\"\" width=\"190\" height=\"190\" srcset=\"https:\/\/akiarabooks.com\/wp-content\/uploads\/2019\/03\/White-Ravens-2020_Logo_DE-1-150x150.jpg 150w, https:\/\/akiarabooks.com\/wp-content\/uploads\/2019\/03\/White-Ravens-2020_Logo_DE-1-300x300.jpg 300w, https:\/\/akiarabooks.com\/wp-content\/uploads\/2019\/03\/White-Ravens-2020_Logo_DE-1-1000x1000.jpg 1000w, https:\/\/akiarabooks.com\/wp-content\/uploads\/2019\/03\/White-Ravens-2020_Logo_DE-1-768x768.jpg 768w, https:\/\/akiarabooks.com\/wp-content\/uploads\/2019\/03\/White-Ravens-2020_Logo_DE-1-500x500.jpg 500w, https:\/\/akiarabooks.com\/wp-content\/uploads\/2019\/03\/White-Ravens-2020_Logo_DE-1-690x690.jpg 690w, https:\/\/akiarabooks.com\/wp-content\/uploads\/2019\/03\/White-Ravens-2020_Logo_DE-1-600x600.jpg 600w, https:\/\/akiarabooks.com\/wp-content\/uploads\/2019\/03\/White-Ravens-2020_Logo_DE-1-100x100.jpg 100w, https:\/\/akiarabooks.com\/wp-content\/uploads\/2019\/03\/White-Ravens-2020_Logo_DE-1.jpg 1182w\" sizes=\"auto, (max-width: 190px) 100vw, 190px\" \/><\/a>Selecionado para o cat\u00e1logo THE WHITE RAVENS 2020<\/strong><\/p>\n","protected":false},"excerpt":{"rendered":"<p>\u00abChamo-me Sofia. Tenho onze anos e meio, e quando for grande quero ser in\u00fatil\u00bb. Assim come\u00e7a um relato inocente, profundo e comovente de&hellip;<\/p>\n","protected":false},"featured_media":8302,"comment_status":"closed","ping_status":"closed","template":"","meta":{"_acf_changed":false},"product_brand":[],"product_cat":[643],"product_tag":[363,365,373],"class_list":{"0":"post-6168","1":"product","2":"type-product","3":"status-publish","4":"has-post-thumbnail","6":"product_cat-akinarra-pt","7":"product_tag-akiara-pt","8":"product_tag-books-pt","9":"product_tag-lij-pt","11":"first","12":"instock","13":"taxable","14":"shipping-taxable","15":"purchasable","16":"product-type-simple"},"acf":[],"yoast_head":"<!-- This site is optimized with the Yoast SEO plugin v27.1.1 - https:\/\/yoast.com\/product\/yoast-seo-wordpress\/ -->\n<title>A praia dos in\u00fateis - AKIARA books<\/title>\n<meta name=\"robots\" content=\"index, follow, max-snippet:-1, max-image-preview:large, max-video-preview:-1\" \/>\n<link rel=\"canonical\" href=\"https:\/\/akiarabooks.com\/pt\/livro\/la-platja-dels-inutils\/\" \/>\n<meta property=\"og:locale\" content=\"pt_PT\" \/>\n<meta property=\"og:type\" content=\"article\" \/>\n<meta property=\"og:title\" content=\"A praia dos in\u00fateis - AKIARA books\" \/>\n<meta property=\"og:description\" content=\"\u00abChamo-me Sofia. Tenho onze anos e meio, e quando for grande quero ser in\u00fatil\u00bb. Assim come\u00e7a um relato inocente, profundo e comovente de&hellip;\" \/>\n<meta property=\"og:url\" content=\"https:\/\/akiarabooks.com\/pt\/livro\/la-platja-dels-inutils\/\" \/>\n<meta property=\"og:site_name\" content=\"AKIARA books\" \/>\n<meta property=\"article:modified_time\" content=\"2020-12-01T22:43:54+00:00\" \/>\n<meta property=\"og:image\" content=\"https:\/\/akiarabooks.com\/wp-content\/uploads\/2019\/03\/AKINARRA-1-A-praia-dos-in\u00fateis-capa-PT.jpg\" \/>\n\t<meta property=\"og:image:width\" content=\"1434\" \/>\n\t<meta property=\"og:image:height\" content=\"2362\" \/>\n\t<meta property=\"og:image:type\" content=\"image\/jpeg\" \/>\n<meta name=\"twitter:card\" content=\"summary_large_image\" \/>\n<script type=\"application\/ld+json\" class=\"yoast-schema-graph\">{\"@context\":\"https:\/\/schema.org\",\"@graph\":[{\"@type\":\"WebPage\",\"@id\":\"https:\/\/akiarabooks.com\/pt\/livro\/la-platja-dels-inutils\/\",\"url\":\"https:\/\/akiarabooks.com\/pt\/livro\/la-platja-dels-inutils\/\",\"name\":\"A praia dos in\u00fateis - AKIARA books\",\"isPartOf\":{\"@id\":\"https:\/\/akiarabooks.com\/pt\/#website\"},\"primaryImageOfPage\":{\"@id\":\"https:\/\/akiarabooks.com\/pt\/livro\/la-platja-dels-inutils\/#primaryimage\"},\"image\":{\"@id\":\"https:\/\/akiarabooks.com\/pt\/livro\/la-platja-dels-inutils\/#primaryimage\"},\"thumbnailUrl\":\"https:\/\/akiarabooks.com\/wp-content\/uploads\/2019\/03\/AKINARRA-1-A-praia-dos-in\u00fateis-capa-PT.jpg\",\"datePublished\":\"2019-03-27T11:25:19+00:00\",\"dateModified\":\"2020-12-01T22:43:54+00:00\",\"breadcrumb\":{\"@id\":\"https:\/\/akiarabooks.com\/pt\/livro\/la-platja-dels-inutils\/#breadcrumb\"},\"inLanguage\":\"pt\",\"potentialAction\":[{\"@type\":\"ReadAction\",\"target\":[\"https:\/\/akiarabooks.com\/pt\/livro\/la-platja-dels-inutils\/\"]}]},{\"@type\":\"ImageObject\",\"inLanguage\":\"pt\",\"@id\":\"https:\/\/akiarabooks.com\/pt\/livro\/la-platja-dels-inutils\/#primaryimage\",\"url\":\"https:\/\/akiarabooks.com\/wp-content\/uploads\/2019\/03\/AKINARRA-1-A-praia-dos-in\u00fateis-capa-PT.jpg\",\"contentUrl\":\"https:\/\/akiarabooks.com\/wp-content\/uploads\/2019\/03\/AKINARRA-1-A-praia-dos-in\u00fateis-capa-PT.jpg\",\"width\":1434,\"height\":2362},{\"@type\":\"BreadcrumbList\",\"@id\":\"https:\/\/akiarabooks.com\/pt\/livro\/la-platja-dels-inutils\/#breadcrumb\",\"itemListElement\":[{\"@type\":\"ListItem\",\"position\":1,\"name\":\"Inici\",\"item\":\"https:\/\/akiarabooks.com\/pt\/\"},{\"@type\":\"ListItem\",\"position\":2,\"name\":\"Livros\",\"item\":\"https:\/\/akiarabooks.com\/pt\/livros\/\"},{\"@type\":\"ListItem\",\"position\":3,\"name\":\"A praia dos in\u00fateis\"}]},{\"@type\":\"WebSite\",\"@id\":\"https:\/\/akiarabooks.com\/pt\/#website\",\"url\":\"https:\/\/akiarabooks.com\/pt\/\",\"name\":\"AKIARA books\",\"description\":\"Llibres inspiradors per a petits i grans\",\"publisher\":{\"@id\":\"https:\/\/akiarabooks.com\/pt\/#organization\"},\"potentialAction\":[{\"@type\":\"SearchAction\",\"target\":{\"@type\":\"EntryPoint\",\"urlTemplate\":\"https:\/\/akiarabooks.com\/pt\/?s={search_term_string}\"},\"query-input\":{\"@type\":\"PropertyValueSpecification\",\"valueRequired\":true,\"valueName\":\"search_term_string\"}}],\"inLanguage\":\"pt\"},{\"@type\":\"Organization\",\"@id\":\"https:\/\/akiarabooks.com\/pt\/#organization\",\"name\":\"AKIARA books\",\"url\":\"https:\/\/akiarabooks.com\/pt\/\",\"logo\":{\"@type\":\"ImageObject\",\"inLanguage\":\"pt\",\"@id\":\"https:\/\/akiarabooks.com\/pt\/#\/schema\/logo\/image\/\",\"url\":\"https:\/\/akiarabooks.com\/wp-content\/uploads\/2018\/02\/cropped-akiara-black.png\",\"contentUrl\":\"https:\/\/akiarabooks.com\/wp-content\/uploads\/2018\/02\/cropped-akiara-black.png\",\"width\":520,\"height\":236,\"caption\":\"AKIARA books\"},\"image\":{\"@id\":\"https:\/\/akiarabooks.com\/pt\/#\/schema\/logo\/image\/\"}}]}<\/script>\n<!-- \/ Yoast SEO plugin. -->","yoast_head_json":{"title":"A praia dos in\u00fateis - AKIARA books","robots":{"index":"index","follow":"follow","max-snippet":"max-snippet:-1","max-image-preview":"max-image-preview:large","max-video-preview":"max-video-preview:-1"},"canonical":"https:\/\/akiarabooks.com\/pt\/livro\/la-platja-dels-inutils\/","og_locale":"pt_PT","og_type":"article","og_title":"A praia dos in\u00fateis - AKIARA books","og_description":"\u00abChamo-me Sofia. Tenho onze anos e meio, e quando for grande quero ser in\u00fatil\u00bb. Assim come\u00e7a um relato inocente, profundo e comovente de&hellip;","og_url":"https:\/\/akiarabooks.com\/pt\/livro\/la-platja-dels-inutils\/","og_site_name":"AKIARA books","article_modified_time":"2020-12-01T22:43:54+00:00","og_image":[{"width":1434,"height":2362,"url":"https:\/\/akiarabooks.com\/wp-content\/uploads\/2019\/03\/AKINARRA-1-A-praia-dos-in\u00fateis-capa-PT.jpg","type":"image\/jpeg"}],"twitter_card":"summary_large_image","schema":{"@context":"https:\/\/schema.org","@graph":[{"@type":"WebPage","@id":"https:\/\/akiarabooks.com\/pt\/livro\/la-platja-dels-inutils\/","url":"https:\/\/akiarabooks.com\/pt\/livro\/la-platja-dels-inutils\/","name":"A praia dos in\u00fateis - AKIARA books","isPartOf":{"@id":"https:\/\/akiarabooks.com\/pt\/#website"},"primaryImageOfPage":{"@id":"https:\/\/akiarabooks.com\/pt\/livro\/la-platja-dels-inutils\/#primaryimage"},"image":{"@id":"https:\/\/akiarabooks.com\/pt\/livro\/la-platja-dels-inutils\/#primaryimage"},"thumbnailUrl":"https:\/\/akiarabooks.com\/wp-content\/uploads\/2019\/03\/AKINARRA-1-A-praia-dos-in\u00fateis-capa-PT.jpg","datePublished":"2019-03-27T11:25:19+00:00","dateModified":"2020-12-01T22:43:54+00:00","breadcrumb":{"@id":"https:\/\/akiarabooks.com\/pt\/livro\/la-platja-dels-inutils\/#breadcrumb"},"inLanguage":"pt","potentialAction":[{"@type":"ReadAction","target":["https:\/\/akiarabooks.com\/pt\/livro\/la-platja-dels-inutils\/"]}]},{"@type":"ImageObject","inLanguage":"pt","@id":"https:\/\/akiarabooks.com\/pt\/livro\/la-platja-dels-inutils\/#primaryimage","url":"https:\/\/akiarabooks.com\/wp-content\/uploads\/2019\/03\/AKINARRA-1-A-praia-dos-in\u00fateis-capa-PT.jpg","contentUrl":"https:\/\/akiarabooks.com\/wp-content\/uploads\/2019\/03\/AKINARRA-1-A-praia-dos-in\u00fateis-capa-PT.jpg","width":1434,"height":2362},{"@type":"BreadcrumbList","@id":"https:\/\/akiarabooks.com\/pt\/livro\/la-platja-dels-inutils\/#breadcrumb","itemListElement":[{"@type":"ListItem","position":1,"name":"Inici","item":"https:\/\/akiarabooks.com\/pt\/"},{"@type":"ListItem","position":2,"name":"Livros","item":"https:\/\/akiarabooks.com\/pt\/livros\/"},{"@type":"ListItem","position":3,"name":"A praia dos in\u00fateis"}]},{"@type":"WebSite","@id":"https:\/\/akiarabooks.com\/pt\/#website","url":"https:\/\/akiarabooks.com\/pt\/","name":"AKIARA books","description":"Llibres inspiradors per a petits i grans","publisher":{"@id":"https:\/\/akiarabooks.com\/pt\/#organization"},"potentialAction":[{"@type":"SearchAction","target":{"@type":"EntryPoint","urlTemplate":"https:\/\/akiarabooks.com\/pt\/?s={search_term_string}"},"query-input":{"@type":"PropertyValueSpecification","valueRequired":true,"valueName":"search_term_string"}}],"inLanguage":"pt"},{"@type":"Organization","@id":"https:\/\/akiarabooks.com\/pt\/#organization","name":"AKIARA books","url":"https:\/\/akiarabooks.com\/pt\/","logo":{"@type":"ImageObject","inLanguage":"pt","@id":"https:\/\/akiarabooks.com\/pt\/#\/schema\/logo\/image\/","url":"https:\/\/akiarabooks.com\/wp-content\/uploads\/2018\/02\/cropped-akiara-black.png","contentUrl":"https:\/\/akiarabooks.com\/wp-content\/uploads\/2018\/02\/cropped-akiara-black.png","width":520,"height":236,"caption":"AKIARA books"},"image":{"@id":"https:\/\/akiarabooks.com\/pt\/#\/schema\/logo\/image\/"}}]}},"_links":{"self":[{"href":"https:\/\/akiarabooks.com\/pt\/wp-json\/wp\/v2\/product\/6168","targetHints":{"allow":["GET"]}}],"collection":[{"href":"https:\/\/akiarabooks.com\/pt\/wp-json\/wp\/v2\/product"}],"about":[{"href":"https:\/\/akiarabooks.com\/pt\/wp-json\/wp\/v2\/types\/product"}],"replies":[{"embeddable":true,"href":"https:\/\/akiarabooks.com\/pt\/wp-json\/wp\/v2\/comments?post=6168"}],"wp:featuredmedia":[{"embeddable":true,"href":"https:\/\/akiarabooks.com\/pt\/wp-json\/wp\/v2\/media\/8302"}],"wp:attachment":[{"href":"https:\/\/akiarabooks.com\/pt\/wp-json\/wp\/v2\/media?parent=6168"}],"wp:term":[{"taxonomy":"product_brand","embeddable":true,"href":"https:\/\/akiarabooks.com\/pt\/wp-json\/wp\/v2\/product_brand?post=6168"},{"taxonomy":"product_cat","embeddable":true,"href":"https:\/\/akiarabooks.com\/pt\/wp-json\/wp\/v2\/product_cat?post=6168"},{"taxonomy":"product_tag","embeddable":true,"href":"https:\/\/akiarabooks.com\/pt\/wp-json\/wp\/v2\/product_tag?post=6168"}],"curies":[{"name":"wp","href":"https:\/\/api.w.org\/{rel}","templated":true}]}}

A praia dos inúteis

<p>«Chamo-me Sofia. Tenho onze anos e meio, e quando for grande quero ser inútil». Assim começa um relato inocente, profundo e comovente de uma menina que adora a praia no inverno, que prefere Mozart ou Kandinsky à matemática, e que não pode suportar que o pai lhe diga que um dia terá de «ganhar a vida».</p>
<p><strong><a href="https://www.ijb.de/fileadmin/Daten/Pdfs/2020/The_White_Ravens_2020.pdf"><img loading="lazy" decoding="async" class="wp-image-8834 alignleft" src="https://akiarabooks.com/wp-content/uploads/2019/03/White-Ravens-2020_Logo_DE-1-150x150.jpg" alt="" width="190" height="190" srcset="https://akiarabooks.com/wp-content/uploads/2019/03/White-Ravens-2020_Logo_DE-1-150x150.jpg 150w, https://akiarabooks.com/wp-content/uploads/2019/03/White-Ravens-2020_Logo_DE-1-300x300.jpg 300w, https://akiarabooks.com/wp-content/uploads/2019/03/White-Ravens-2020_Logo_DE-1-1000x1000.jpg 1000w, https://akiarabooks.com/wp-content/uploads/2019/03/White-Ravens-2020_Logo_DE-1-768x768.jpg 768w, https://akiarabooks.com/wp-content/uploads/2019/03/White-Ravens-2020_Logo_DE-1-500x500.jpg 500w, https://akiarabooks.com/wp-content/uploads/2019/03/White-Ravens-2020_Logo_DE-1-690x690.jpg 690w, https://akiarabooks.com/wp-content/uploads/2019/03/White-Ravens-2020_Logo_DE-1-600x600.jpg 600w, https://akiarabooks.com/wp-content/uploads/2019/03/White-Ravens-2020_Logo_DE-1-100x100.jpg 100w, https://akiarabooks.com/wp-content/uploads/2019/03/White-Ravens-2020_Logo_DE-1.jpg 1182w" sizes="auto, (max-width: 190px) 100vw, 190px" /></a>Selecionado para o catálogo THE WHITE RAVENS 2020</strong></p>

<p>«Chamo-me Sofia. Tenho onze anos e meio, e quando for grande quero ser inútil». Assim começa um relato inocente, profundo e comovente de&hellip;</p>

<!-- This site is optimized with the Yoast SEO plugin v27.1.1 - https://yoast.com/product/yoast-seo-wordpress/ -->
<title>A praia dos inúteis - AKIARA books</title>
<meta name="robots" content="index, follow, max-snippet:-1, max-image-preview:large, max-video-preview:-1" />
<link rel="canonical" href="https://akiarabooks.com/pt/livro/la-platja-dels-inutils/" />
<meta property="og:locale" content="pt_PT" />
<meta property="og:type" content="article" />
<meta property="og:title" content="A praia dos inúteis - AKIARA books" />
<meta property="og:description" content="«Chamo-me Sofia. Tenho onze anos e meio, e quando for grande quero ser inútil». Assim começa um relato inocente, profundo e comovente de&hellip;" />
<meta property="og:url" content="https://akiarabooks.com/pt/livro/la-platja-dels-inutils/" />
<meta property="og:site_name" content="AKIARA books" />
<meta property="article:modified_time" content="2020-12-01T22:43:54+00:00" />
<meta property="og:image" content="https://akiarabooks.com/wp-content/uploads/2019/03/AKINARRA-1-A-praia-dos-inúteis-capa-PT.jpg" />
	<meta property="og:image:width" content="1434" />
	<meta property="og:image:height" content="2362" />
	<meta property="og:image:type" content="image/jpeg" />
<meta name="twitter:card" content="summary_large_image" />
<script type="application/ld+json" class="yoast-schema-graph">{"@context":"https://schema.org","@graph":[{"@type":"WebPage","@id":"https://akiarabooks.com/pt/livro/la-platja-dels-inutils/","url":"https://akiarabooks.com/pt/livro/la-platja-dels-inutils/","name":"A praia dos inúteis - AKIARA books","isPartOf":{"@id":"https://akiarabooks.com/pt/#website"},"primaryImageOfPage":{"@id":"https://akiarabooks.com/pt/livro/la-platja-dels-inutils/#primaryimage"},"image":{"@id":"https://akiarabooks.com/pt/livro/la-platja-dels-inutils/#primaryimage"},"thumbnailUrl":"https://akiarabooks.com/wp-content/uploads/2019/03/AKINARRA-1-A-praia-dos-inúteis-capa-PT.jpg","datePublished":"2019-03-27T11:25:19+00:00","dateModified":"2020-12-01T22:43:54+00:00","breadcrumb":{"@id":"https://akiarabooks.com/pt/livro/la-platja-dels-inutils/#breadcrumb"},"inLanguage":"pt","potentialAction":[{"@type":"ReadAction","target":["https://akiarabooks.com/pt/livro/la-platja-dels-inutils/"]}]},{"@type":"ImageObject","inLanguage":"pt","@id":"https://akiarabooks.com/pt/livro/la-platja-dels-inutils/#primaryimage","url":"https://akiarabooks.com/wp-content/uploads/2019/03/AKINARRA-1-A-praia-dos-inúteis-capa-PT.jpg","contentUrl":"https://akiarabooks.com/wp-content/uploads/2019/03/AKINARRA-1-A-praia-dos-inúteis-capa-PT.jpg","width":1434,"height":2362},{"@type":"BreadcrumbList","@id":"https://akiarabooks.com/pt/livro/la-platja-dels-inutils/#breadcrumb","itemListElement":[{"@type":"ListItem","position":1,"name":"Inici","item":"https://akiarabooks.com/pt/"},{"@type":"ListItem","position":2,"name":"Livros","item":"https://akiarabooks.com/pt/livros/"},{"@type":"ListItem","position":3,"name":"A praia dos inúteis"}]},{"@type":"WebSite","@id":"https://akiarabooks.com/pt/#website","url":"https://akiarabooks.com/pt/","name":"AKIARA books","description":"Llibres inspiradors per a petits i grans","publisher":{"@id":"https://akiarabooks.com/pt/#organization"},"potentialAction":[{"@type":"SearchAction","target":{"@type":"EntryPoint","urlTemplate":"https://akiarabooks.com/pt/?s={search_term_string}"},"query-input":{"@type":"PropertyValueSpecification","valueRequired":true,"valueName":"search_term_string"}}],"inLanguage":"pt"},{"@type":"Organization","@id":"https://akiarabooks.com/pt/#organization","name":"AKIARA books","url":"https://akiarabooks.com/pt/","logo":{"@type":"ImageObject","inLanguage":"pt","@id":"https://akiarabooks.com/pt/#/schema/logo/image/","url":"https://akiarabooks.com/wp-content/uploads/2018/02/cropped-akiara-black.png","contentUrl":"https://akiarabooks.com/wp-content/uploads/2018/02/cropped-akiara-black.png","width":520,"height":236,"caption":"AKIARA books"},"image":{"@id":"https://akiarabooks.com/pt/#/schema/logo/image/"}}]}</script>
<!-- / Yoast SEO plugin. -->

A praia dos inúteis - AKIARA books

«Chamo-me Sofia. Tenho onze anos e meio, e quando for grande quero ser inútil». Assim começa um relato inocente, profundo e comovente de&hellip;

https://akiarabooks.com/wp-content/uploads/2019/03/AKINARRA-1-A-praia-dos-inúteis-capa-PT.jpg
