{"id":7434,"date":"2020-02-16T18:24:23","date_gmt":"2020-02-16T17:45:29","guid":{"rendered":"https:\/\/akiarabooks.com\/?post_type=product&#038;p=7434"},"modified":"2022-01-15T18:31:55","modified_gmt":"2022-01-15T16:31:55","slug":"nuvens-na-cabeca","status":"publish","type":"product","link":"https:\/\/akiarabooks.com\/pt\/livro\/nuvens-na-cabeca\/","title":{"rendered":"Nuvens na cabe\u00e7a"},"content":{"rendered":"<p>Dizem que n\u00e3o temos os p\u00e9s bem assentes na terra.<br \/>\nDizem que eu tenho a cabe\u00e7a nas nuvens<br \/>\ne que a av\u00f3 tem nuvens na cabe\u00e7a.<\/p>\n<h6><a href=\"https:\/\/www.premisjunceda.cat\/llibre-infantil-ficcio-2021\/\"><img loading=\"lazy\" decoding=\"async\" class=\" wp-image-10103 alignleft\" src=\"https:\/\/akiarabooks.com\/wp-content\/uploads\/2020\/02\/Premi-Junceda.jpg\" alt=\"\" width=\"273\" height=\"154\" srcset=\"https:\/\/akiarabooks.com\/wp-content\/uploads\/2020\/02\/Premi-Junceda.jpg 1280w, https:\/\/akiarabooks.com\/wp-content\/uploads\/2020\/02\/Premi-Junceda-300x169.jpg 300w, https:\/\/akiarabooks.com\/wp-content\/uploads\/2020\/02\/Premi-Junceda-768x432.jpg 768w, https:\/\/akiarabooks.com\/wp-content\/uploads\/2020\/02\/Premi-Junceda-500x281.jpg 500w, https:\/\/akiarabooks.com\/wp-content\/uploads\/2020\/02\/Premi-Junceda-1024x576.jpg 1024w, https:\/\/akiarabooks.com\/wp-content\/uploads\/2020\/02\/Premi-Junceda-1260x709.jpg 1260w, https:\/\/akiarabooks.com\/wp-content\/uploads\/2020\/02\/Premi-Junceda-800x450.jpg 800w, https:\/\/akiarabooks.com\/wp-content\/uploads\/2020\/02\/Premi-Junceda-1227x690.jpg 1227w, https:\/\/akiarabooks.com\/wp-content\/uploads\/2020\/02\/Premi-Junceda-600x338.jpg 600w\" sizes=\"auto, (max-width: 273px) 100vw, 273px\" \/> <\/a><\/h6>\n<h6><a href=\"https:\/\/www.premisjunceda.cat\/llibre-infantil-ficcio-2021\/\">Pr\u00e9mio Junceda de ilustra\u00e7\u00e3o 2021<\/a><\/h6>\n<p>&nbsp;<\/p>\n<p>&nbsp;<\/p>\n<p>&nbsp;<\/p>\n","protected":false},"excerpt":{"rendered":"<p>Dizem que n\u00e3o temos os p\u00e9s bem assentes na terra. Dizem que eu tenho a cabe\u00e7a nas nuvens e que a av\u00f3 tem&hellip;<\/p>\n","protected":false},"featured_media":7435,"comment_status":"closed","ping_status":"closed","template":"","meta":{"_acf_changed":false},"product_brand":[],"product_cat":[408],"product_tag":[397],"class_list":{"0":"post-7434","1":"product","2":"type-product","3":"status-publish","4":"has-post-thumbnail","6":"product_cat-akialbum-pt","7":"product_tag-album-ilustrado-pt","9":"first","10":"instock","11":"taxable","12":"shipping-taxable","13":"purchasable","14":"product-type-simple"},"acf":[],"yoast_head":"<!-- This site is optimized with the Yoast SEO plugin v27.1.1 - https:\/\/yoast.com\/product\/yoast-seo-wordpress\/ -->\n<title>Nuvens na cabe\u00e7a - AKIARA books<\/title>\n<meta name=\"robots\" content=\"index, follow, max-snippet:-1, max-image-preview:large, max-video-preview:-1\" \/>\n<link rel=\"canonical\" href=\"https:\/\/akiarabooks.com\/pt\/livro\/nuvens-na-cabeca\/\" \/>\n<meta property=\"og:locale\" content=\"pt_PT\" \/>\n<meta property=\"og:type\" content=\"article\" \/>\n<meta property=\"og:title\" content=\"Nuvens na cabe\u00e7a - AKIARA books\" \/>\n<meta property=\"og:description\" content=\"Dizem que n\u00e3o temos os p\u00e9s bem assentes na terra. Dizem que eu tenho a cabe\u00e7a nas nuvens e que a av\u00f3 tem&hellip;\" \/>\n<meta property=\"og:url\" content=\"https:\/\/akiarabooks.com\/pt\/livro\/nuvens-na-cabeca\/\" \/>\n<meta property=\"og:site_name\" content=\"AKIARA books\" \/>\n<meta property=\"article:modified_time\" content=\"2022-01-15T16:31:55+00:00\" \/>\n<meta property=\"og:image\" content=\"https:\/\/akiarabooks.com\/wp-content\/uploads\/2020\/02\/NUVENS-NA-CABE\u00c7A_capa-PT-2-scaled.jpg\" \/>\n\t<meta property=\"og:image:width\" content=\"2560\" \/>\n\t<meta property=\"og:image:height\" content=\"2228\" \/>\n\t<meta property=\"og:image:type\" content=\"image\/jpeg\" \/>\n<meta name=\"twitter:card\" content=\"summary_large_image\" \/>\n<script type=\"application\/ld+json\" class=\"yoast-schema-graph\">{\"@context\":\"https:\/\/schema.org\",\"@graph\":[{\"@type\":\"WebPage\",\"@id\":\"https:\/\/akiarabooks.com\/pt\/livro\/nuvens-na-cabeca\/\",\"url\":\"https:\/\/akiarabooks.com\/pt\/livro\/nuvens-na-cabeca\/\",\"name\":\"Nuvens na cabe\u00e7a - AKIARA books\",\"isPartOf\":{\"@id\":\"https:\/\/akiarabooks.com\/pt\/#website\"},\"primaryImageOfPage\":{\"@id\":\"https:\/\/akiarabooks.com\/pt\/livro\/nuvens-na-cabeca\/#primaryimage\"},\"image\":{\"@id\":\"https:\/\/akiarabooks.com\/pt\/livro\/nuvens-na-cabeca\/#primaryimage\"},\"thumbnailUrl\":\"https:\/\/akiarabooks.com\/wp-content\/uploads\/2020\/02\/NUVENS-NA-CABE\u00c7A_capa-PT-2-scaled.jpg\",\"datePublished\":\"2020-02-16T17:45:29+00:00\",\"dateModified\":\"2022-01-15T16:31:55+00:00\",\"breadcrumb\":{\"@id\":\"https:\/\/akiarabooks.com\/pt\/livro\/nuvens-na-cabeca\/#breadcrumb\"},\"inLanguage\":\"pt\",\"potentialAction\":[{\"@type\":\"ReadAction\",\"target\":[\"https:\/\/akiarabooks.com\/pt\/livro\/nuvens-na-cabeca\/\"]}]},{\"@type\":\"ImageObject\",\"inLanguage\":\"pt\",\"@id\":\"https:\/\/akiarabooks.com\/pt\/livro\/nuvens-na-cabeca\/#primaryimage\",\"url\":\"https:\/\/akiarabooks.com\/wp-content\/uploads\/2020\/02\/NUVENS-NA-CABE\u00c7A_capa-PT-2-scaled.jpg\",\"contentUrl\":\"https:\/\/akiarabooks.com\/wp-content\/uploads\/2020\/02\/NUVENS-NA-CABE\u00c7A_capa-PT-2-scaled.jpg\",\"width\":2560,\"height\":2228},{\"@type\":\"BreadcrumbList\",\"@id\":\"https:\/\/akiarabooks.com\/pt\/livro\/nuvens-na-cabeca\/#breadcrumb\",\"itemListElement\":[{\"@type\":\"ListItem\",\"position\":1,\"name\":\"Inici\",\"item\":\"https:\/\/akiarabooks.com\/pt\/\"},{\"@type\":\"ListItem\",\"position\":2,\"name\":\"Livros\",\"item\":\"https:\/\/akiarabooks.com\/pt\/livros\/\"},{\"@type\":\"ListItem\",\"position\":3,\"name\":\"Nuvens na cabe\u00e7a\"}]},{\"@type\":\"WebSite\",\"@id\":\"https:\/\/akiarabooks.com\/pt\/#website\",\"url\":\"https:\/\/akiarabooks.com\/pt\/\",\"name\":\"AKIARA books\",\"description\":\"Llibres inspiradors per a petits i grans\",\"publisher\":{\"@id\":\"https:\/\/akiarabooks.com\/pt\/#organization\"},\"potentialAction\":[{\"@type\":\"SearchAction\",\"target\":{\"@type\":\"EntryPoint\",\"urlTemplate\":\"https:\/\/akiarabooks.com\/pt\/?s={search_term_string}\"},\"query-input\":{\"@type\":\"PropertyValueSpecification\",\"valueRequired\":true,\"valueName\":\"search_term_string\"}}],\"inLanguage\":\"pt\"},{\"@type\":\"Organization\",\"@id\":\"https:\/\/akiarabooks.com\/pt\/#organization\",\"name\":\"AKIARA books\",\"url\":\"https:\/\/akiarabooks.com\/pt\/\",\"logo\":{\"@type\":\"ImageObject\",\"inLanguage\":\"pt\",\"@id\":\"https:\/\/akiarabooks.com\/pt\/#\/schema\/logo\/image\/\",\"url\":\"https:\/\/akiarabooks.com\/wp-content\/uploads\/2018\/02\/cropped-akiara-black.png\",\"contentUrl\":\"https:\/\/akiarabooks.com\/wp-content\/uploads\/2018\/02\/cropped-akiara-black.png\",\"width\":520,\"height\":236,\"caption\":\"AKIARA books\"},\"image\":{\"@id\":\"https:\/\/akiarabooks.com\/pt\/#\/schema\/logo\/image\/\"}}]}<\/script>\n<!-- \/ Yoast SEO plugin. -->","yoast_head_json":{"title":"Nuvens na cabe\u00e7a - AKIARA books","robots":{"index":"index","follow":"follow","max-snippet":"max-snippet:-1","max-image-preview":"max-image-preview:large","max-video-preview":"max-video-preview:-1"},"canonical":"https:\/\/akiarabooks.com\/pt\/livro\/nuvens-na-cabeca\/","og_locale":"pt_PT","og_type":"article","og_title":"Nuvens na cabe\u00e7a - AKIARA books","og_description":"Dizem que n\u00e3o temos os p\u00e9s bem assentes na terra. Dizem que eu tenho a cabe\u00e7a nas nuvens e que a av\u00f3 tem&hellip;","og_url":"https:\/\/akiarabooks.com\/pt\/livro\/nuvens-na-cabeca\/","og_site_name":"AKIARA books","article_modified_time":"2022-01-15T16:31:55+00:00","og_image":[{"width":2560,"height":2228,"url":"https:\/\/akiarabooks.com\/wp-content\/uploads\/2020\/02\/NUVENS-NA-CABE\u00c7A_capa-PT-2-scaled.jpg","type":"image\/jpeg"}],"twitter_card":"summary_large_image","schema":{"@context":"https:\/\/schema.org","@graph":[{"@type":"WebPage","@id":"https:\/\/akiarabooks.com\/pt\/livro\/nuvens-na-cabeca\/","url":"https:\/\/akiarabooks.com\/pt\/livro\/nuvens-na-cabeca\/","name":"Nuvens na cabe\u00e7a - AKIARA books","isPartOf":{"@id":"https:\/\/akiarabooks.com\/pt\/#website"},"primaryImageOfPage":{"@id":"https:\/\/akiarabooks.com\/pt\/livro\/nuvens-na-cabeca\/#primaryimage"},"image":{"@id":"https:\/\/akiarabooks.com\/pt\/livro\/nuvens-na-cabeca\/#primaryimage"},"thumbnailUrl":"https:\/\/akiarabooks.com\/wp-content\/uploads\/2020\/02\/NUVENS-NA-CABE\u00c7A_capa-PT-2-scaled.jpg","datePublished":"2020-02-16T17:45:29+00:00","dateModified":"2022-01-15T16:31:55+00:00","breadcrumb":{"@id":"https:\/\/akiarabooks.com\/pt\/livro\/nuvens-na-cabeca\/#breadcrumb"},"inLanguage":"pt","potentialAction":[{"@type":"ReadAction","target":["https:\/\/akiarabooks.com\/pt\/livro\/nuvens-na-cabeca\/"]}]},{"@type":"ImageObject","inLanguage":"pt","@id":"https:\/\/akiarabooks.com\/pt\/livro\/nuvens-na-cabeca\/#primaryimage","url":"https:\/\/akiarabooks.com\/wp-content\/uploads\/2020\/02\/NUVENS-NA-CABE\u00c7A_capa-PT-2-scaled.jpg","contentUrl":"https:\/\/akiarabooks.com\/wp-content\/uploads\/2020\/02\/NUVENS-NA-CABE\u00c7A_capa-PT-2-scaled.jpg","width":2560,"height":2228},{"@type":"BreadcrumbList","@id":"https:\/\/akiarabooks.com\/pt\/livro\/nuvens-na-cabeca\/#breadcrumb","itemListElement":[{"@type":"ListItem","position":1,"name":"Inici","item":"https:\/\/akiarabooks.com\/pt\/"},{"@type":"ListItem","position":2,"name":"Livros","item":"https:\/\/akiarabooks.com\/pt\/livros\/"},{"@type":"ListItem","position":3,"name":"Nuvens na cabe\u00e7a"}]},{"@type":"WebSite","@id":"https:\/\/akiarabooks.com\/pt\/#website","url":"https:\/\/akiarabooks.com\/pt\/","name":"AKIARA books","description":"Llibres inspiradors per a petits i grans","publisher":{"@id":"https:\/\/akiarabooks.com\/pt\/#organization"},"potentialAction":[{"@type":"SearchAction","target":{"@type":"EntryPoint","urlTemplate":"https:\/\/akiarabooks.com\/pt\/?s={search_term_string}"},"query-input":{"@type":"PropertyValueSpecification","valueRequired":true,"valueName":"search_term_string"}}],"inLanguage":"pt"},{"@type":"Organization","@id":"https:\/\/akiarabooks.com\/pt\/#organization","name":"AKIARA books","url":"https:\/\/akiarabooks.com\/pt\/","logo":{"@type":"ImageObject","inLanguage":"pt","@id":"https:\/\/akiarabooks.com\/pt\/#\/schema\/logo\/image\/","url":"https:\/\/akiarabooks.com\/wp-content\/uploads\/2018\/02\/cropped-akiara-black.png","contentUrl":"https:\/\/akiarabooks.com\/wp-content\/uploads\/2018\/02\/cropped-akiara-black.png","width":520,"height":236,"caption":"AKIARA books"},"image":{"@id":"https:\/\/akiarabooks.com\/pt\/#\/schema\/logo\/image\/"}}]}},"_links":{"self":[{"href":"https:\/\/akiarabooks.com\/pt\/wp-json\/wp\/v2\/product\/7434","targetHints":{"allow":["GET"]}}],"collection":[{"href":"https:\/\/akiarabooks.com\/pt\/wp-json\/wp\/v2\/product"}],"about":[{"href":"https:\/\/akiarabooks.com\/pt\/wp-json\/wp\/v2\/types\/product"}],"replies":[{"embeddable":true,"href":"https:\/\/akiarabooks.com\/pt\/wp-json\/wp\/v2\/comments?post=7434"}],"wp:featuredmedia":[{"embeddable":true,"href":"https:\/\/akiarabooks.com\/pt\/wp-json\/wp\/v2\/media\/7435"}],"wp:attachment":[{"href":"https:\/\/akiarabooks.com\/pt\/wp-json\/wp\/v2\/media?parent=7434"}],"wp:term":[{"taxonomy":"product_brand","embeddable":true,"href":"https:\/\/akiarabooks.com\/pt\/wp-json\/wp\/v2\/product_brand?post=7434"},{"taxonomy":"product_cat","embeddable":true,"href":"https:\/\/akiarabooks.com\/pt\/wp-json\/wp\/v2\/product_cat?post=7434"},{"taxonomy":"product_tag","embeddable":true,"href":"https:\/\/akiarabooks.com\/pt\/wp-json\/wp\/v2\/product_tag?post=7434"}],"curies":[{"name":"wp","href":"https:\/\/api.w.org\/{rel}","templated":true}]}}

Nuvens na cabeça

<p>Dizem que não temos os pés bem assentes na terra.<br />
Dizem que eu tenho a cabeça nas nuvens<br />
e que a avó tem nuvens na cabeça.</p>
<h6><a href="https://www.premisjunceda.cat/llibre-infantil-ficcio-2021/"><img loading="lazy" decoding="async" class=" wp-image-10103 alignleft" src="https://akiarabooks.com/wp-content/uploads/2020/02/Premi-Junceda.jpg" alt="" width="273" height="154" srcset="https://akiarabooks.com/wp-content/uploads/2020/02/Premi-Junceda.jpg 1280w, https://akiarabooks.com/wp-content/uploads/2020/02/Premi-Junceda-300x169.jpg 300w, https://akiarabooks.com/wp-content/uploads/2020/02/Premi-Junceda-768x432.jpg 768w, https://akiarabooks.com/wp-content/uploads/2020/02/Premi-Junceda-500x281.jpg 500w, https://akiarabooks.com/wp-content/uploads/2020/02/Premi-Junceda-1024x576.jpg 1024w, https://akiarabooks.com/wp-content/uploads/2020/02/Premi-Junceda-1260x709.jpg 1260w, https://akiarabooks.com/wp-content/uploads/2020/02/Premi-Junceda-800x450.jpg 800w, https://akiarabooks.com/wp-content/uploads/2020/02/Premi-Junceda-1227x690.jpg 1227w, https://akiarabooks.com/wp-content/uploads/2020/02/Premi-Junceda-600x338.jpg 600w" sizes="auto, (max-width: 273px) 100vw, 273px" /> </a></h6>
<h6><a href="https://www.premisjunceda.cat/llibre-infantil-ficcio-2021/">Prémio Junceda de ilustração 2021</a></h6>
<p>&nbsp;</p>
<p>&nbsp;</p>
<p>&nbsp;</p>

<p>Dizem que não temos os pés bem assentes na terra. Dizem que eu tenho a cabeça nas nuvens e que a avó tem&hellip;</p>

<!-- This site is optimized with the Yoast SEO plugin v27.1.1 - https://yoast.com/product/yoast-seo-wordpress/ -->
<title>Nuvens na cabeça - AKIARA books</title>
<meta name="robots" content="index, follow, max-snippet:-1, max-image-preview:large, max-video-preview:-1" />
<link rel="canonical" href="https://akiarabooks.com/pt/livro/nuvens-na-cabeca/" />
<meta property="og:locale" content="pt_PT" />
<meta property="og:type" content="article" />
<meta property="og:title" content="Nuvens na cabeça - AKIARA books" />
<meta property="og:description" content="Dizem que não temos os pés bem assentes na terra. Dizem que eu tenho a cabeça nas nuvens e que a avó tem&hellip;" />
<meta property="og:url" content="https://akiarabooks.com/pt/livro/nuvens-na-cabeca/" />
<meta property="og:site_name" content="AKIARA books" />
<meta property="article:modified_time" content="2022-01-15T16:31:55+00:00" />
<meta property="og:image" content="https://akiarabooks.com/wp-content/uploads/2020/02/NUVENS-NA-CABEÇA_capa-PT-2-scaled.jpg" />
	<meta property="og:image:width" content="2560" />
	<meta property="og:image:height" content="2228" />
	<meta property="og:image:type" content="image/jpeg" />
<meta name="twitter:card" content="summary_large_image" />
<script type="application/ld+json" class="yoast-schema-graph">{"@context":"https://schema.org","@graph":[{"@type":"WebPage","@id":"https://akiarabooks.com/pt/livro/nuvens-na-cabeca/","url":"https://akiarabooks.com/pt/livro/nuvens-na-cabeca/","name":"Nuvens na cabeça - AKIARA books","isPartOf":{"@id":"https://akiarabooks.com/pt/#website"},"primaryImageOfPage":{"@id":"https://akiarabooks.com/pt/livro/nuvens-na-cabeca/#primaryimage"},"image":{"@id":"https://akiarabooks.com/pt/livro/nuvens-na-cabeca/#primaryimage"},"thumbnailUrl":"https://akiarabooks.com/wp-content/uploads/2020/02/NUVENS-NA-CABEÇA_capa-PT-2-scaled.jpg","datePublished":"2020-02-16T17:45:29+00:00","dateModified":"2022-01-15T16:31:55+00:00","breadcrumb":{"@id":"https://akiarabooks.com/pt/livro/nuvens-na-cabeca/#breadcrumb"},"inLanguage":"pt","potentialAction":[{"@type":"ReadAction","target":["https://akiarabooks.com/pt/livro/nuvens-na-cabeca/"]}]},{"@type":"ImageObject","inLanguage":"pt","@id":"https://akiarabooks.com/pt/livro/nuvens-na-cabeca/#primaryimage","url":"https://akiarabooks.com/wp-content/uploads/2020/02/NUVENS-NA-CABEÇA_capa-PT-2-scaled.jpg","contentUrl":"https://akiarabooks.com/wp-content/uploads/2020/02/NUVENS-NA-CABEÇA_capa-PT-2-scaled.jpg","width":2560,"height":2228},{"@type":"BreadcrumbList","@id":"https://akiarabooks.com/pt/livro/nuvens-na-cabeca/#breadcrumb","itemListElement":[{"@type":"ListItem","position":1,"name":"Inici","item":"https://akiarabooks.com/pt/"},{"@type":"ListItem","position":2,"name":"Livros","item":"https://akiarabooks.com/pt/livros/"},{"@type":"ListItem","position":3,"name":"Nuvens na cabeça"}]},{"@type":"WebSite","@id":"https://akiarabooks.com/pt/#website","url":"https://akiarabooks.com/pt/","name":"AKIARA books","description":"Llibres inspiradors per a petits i grans","publisher":{"@id":"https://akiarabooks.com/pt/#organization"},"potentialAction":[{"@type":"SearchAction","target":{"@type":"EntryPoint","urlTemplate":"https://akiarabooks.com/pt/?s={search_term_string}"},"query-input":{"@type":"PropertyValueSpecification","valueRequired":true,"valueName":"search_term_string"}}],"inLanguage":"pt"},{"@type":"Organization","@id":"https://akiarabooks.com/pt/#organization","name":"AKIARA books","url":"https://akiarabooks.com/pt/","logo":{"@type":"ImageObject","inLanguage":"pt","@id":"https://akiarabooks.com/pt/#/schema/logo/image/","url":"https://akiarabooks.com/wp-content/uploads/2018/02/cropped-akiara-black.png","contentUrl":"https://akiarabooks.com/wp-content/uploads/2018/02/cropped-akiara-black.png","width":520,"height":236,"caption":"AKIARA books"},"image":{"@id":"https://akiarabooks.com/pt/#/schema/logo/image/"}}]}</script>
<!-- / Yoast SEO plugin. -->

Nuvens na cabeça - AKIARA books

Dizem que não temos os pés bem assentes na terra. Dizem que eu tenho a cabeça nas nuvens e que a avó tem&hellip;

https://akiarabooks.com/wp-content/uploads/2020/02/NUVENS-NA-CABEÇA_capa-PT-2-scaled.jpg
